units digit of 3*(-3 + l/(-21))?
3
Let q be 5*28/(-35) + 3 + 1. Suppose d - 166 = g, q = 4*g - 3 - 5. What is the tens digit of d?
6
Suppose -22*o + 11266 = -23*o. What is the tens digit of o/(-11) + 24/(-924)*7?
2
Let h(g) = 38*g + 109. Let v be h(-3). What is the hundreds digit of 5*(-1 + (-2)/v) + 780?
7
Let y be 483/42 + (-6)/(-4). Suppose y*v = -12*v + 2125. What is the units digit of v?
5
Suppose 156*s - 159600 = 137*s. What is the units digit of s?
0
Let l(a) = -777*a**3 - 6*a**2 + 8*a + 16. What is the units digit of l(-2)?
2
What is the ten thousands digit of (4 - -8)/3 - (10 - 14837)?
1
Let i(h) = h**3 + 5*h**2 - 18*h - 14*h**2 + 21*h + 58 - 8*h**2. What is the units digit of i(18)?
6
Let a(h) = 18*h**2 - 75*h - 745. What is the thousands digit of a(-31)?
8
Suppose 5*h = 4*a - 811 - 193, 2*h = -8. Suppose a*q = 235*q + 13167. What is the units digit of q?
7
Let p(x) = -341*x**2 - x. Let c be p(1). Let q be (-2)/(-4) - c/(-12). What is the units digit of 634/14 + 2 + 64/q?
5
Let c(p) = -p**3 + 3*p**2 + 4. Let l = 60 - 51. Let g be l/(-6)*(-6)/15*-5. What is the tens digit of c(g)?
5
Suppose a - 43 = -0*a + 4*v, -61 = -a - 5*v. Suppose q = -5*k + 22, 3*k + 0*k = -2*q + a. What is the tens digit of (2 - 0)/2*q?
2
Let n = 56 + -57. Let k be ((-3)/n + -1)*(-49)/(-14). What is the tens digit of (k*-3)/(5/(-53 - 7))?
5
Let a = 3402 + -1948. Suppose -12*o + 9*o + 2187 = 3*x, 0 = -2*o - 3*x + a. What is the hundreds digit of o?
7
Suppose 2*p = k + 89168, 249*p = 246*p + 2*k + 133755. What is the hundreds digit of p?
5
Suppose -2*t = 3 + 7, 2 = a - 5*t. Let j = -14 - -45. Let b = a + j. What is the units digit of b?
8
Let m = -265 - -202. Let d = 250 - m. What is the units digit of d?
3
Suppose 5*h - 3*h = -v - 1, 0 = -h + 2. Let a(k) = -7*k - 30. Let n be a(v). Let l = 14 - n. What is the units digit of l?
9
Let r be 1 + 2 - -2*62. Let v = r + -227. Let w = 261 + v. What is the units digit of w?
1
Let a = 2132 + -2116. What is the tens digit of a?
1
Let v = -58 - -84. Let g(z) = -z**2 + 35*z + 12. What is the tens digit of g(v)?
4
Let u = 12452 + 10978. What is the ten thousands digit of u?
2
Suppose -2*r + 134 + 395 = -3*u, -4*r + 1085 = 3*u. Let y = r - 196. What is the tens digit of y?
7
Let w(g) = -g**3 + 8*g**2 - 5*g - 12. Let y be w(7). Suppose 2*c = -y*n + 824 + 1830, 0 = 4*n - 5*c - 5308. What is the hundreds digit of n?
3
Let o be (11/(-22))/((-2)/(-4508)). Let y = o + 2230. What is the tens digit of y?
0
Suppose -22*t + 81 = -249. Suppose t*d = 373 + 10697. What is the hundreds digit of d?
7
Suppose -18307 - 110947 = -14*g + 51444. What is the ten thousands digit of g?
1
What is the ten thousands digit of 549/10980 - (-1553718)/40?
3
Let r(c) = c**3 - 3*c**2 - 4*c + 6. Let a be 3/18 + (-118)/(-12). Suppose 2*x + 4*m + 10 = 0, -3*m = 7*x - a*x + 30. What is the tens digit of r(x)?
3
Let g(y) = 93*y**3 - 2*y**2 + 3*y - 2. Let b be g(1). Suppose 6*u - 1574 = -b. What is the hundreds digit of u?
2
Let a = 2422 - -1551. What is the thousands digit of a?
3
What is the units digit of 1258/(-333) + 3/(-54)*4 - -16890?
6
Let r be 4 + (-3)/(-2)*1318. Let f = 2800 - r. What is the units digit of f?
9
Suppose 5*i = 4*f + 130325, -3*f - 90396 = -3*i - 12204. What is the tens digit of i?
6
Let t(h) = -8*h + 5. Let g be 3 + 0 - (1 + 3 - 4). Suppose -5*l - g*o - 48 = 0, 0*l + 5*l = -o - 46. What is the tens digit of t(l)?
7
Let q = -49 + 209. Let d = q - -267. What is the tens digit of d?
2
Let s(t) = -1475*t - 5174. What is the tens digit of s(-34)?
7
Suppose -12*r + 103461 + 16945 - 3766 = 0. What is the hundreds digit of r?
7
What is the units digit of (-6)/(-899*77/345590 - 2/(-10))?
8
Let w(r) = -9*r**3 - 3 + r + 14 - 9 - 3*r**2. Let u be w(2). Let g = -33 - u. What is the units digit of g?
7
Let u = 175 + -150. Let n = 79 + u. What is the hundreds digit of n?
1
Let c = 8851 - 6797. What is the units digit of c?
4
Let c be (-7 - -7) + 6 + -1. Suppose c*f + 840 = 2*i, -14*f + 4*i - 684 = -10*f. Let g = f + 312. What is the units digit of g?
6
What is the ten thousands digit of (6502990/104 - (0 + 1)) + (-7)/(-28)?
6
Let h be (0/(-18))/((-2)/(-2)) + -66. Suppose 2*m + 4*l + 28 = 0, -4*m - 3*l + 7*l + 4 = 0. What is the units digit of 9/(-3) - m - h?
7
Suppose 4*c + 14 + 6 = -2*f, 4*f = -5*c - 25. Let m(s) = 19*s - 5. Let w be m(c). What is the units digit of (-1475)/w + 3/(-4)?
4
Let j = 26383 - 741. What is the ten thousands digit of j?
2
What is the units digit of (-305)/(-122)*(5834 - -2)?
0
Let t = -1425 + 687. Let f = t - -1197. What is the tens digit of f?
5
Let w = -396 + 11997. What is the units digit of w?
1
Suppose 23 = -8*q - 17. Let i(f) = 23*f**2 + 6*f + 17. What is the tens digit of i(q)?
6
Suppose -9 = -5*h + 4*y - 2*y, 4*h - 5*y = -3. Suppose -p = -t - 823, -h*p + 2445 = 4*t + t. What is the tens digit of p?
2
Let q = -144 - -211. Let k = 220 - q. Let f = k + 15. What is the units digit of f?
8
Let h(d) = -d**3 + d**2 + 19*d + 33010. What is the hundreds digit of h(0)?
0
Let x = 1464 + -970. Suppose y - x = 3*k, -y + k - 3*k + 499 = 0. What is the tens digit of y?
9
Suppose -76*t + 75*t = -1240. Let y = t + -838. What is the units digit of y?
2
Let o be (3 - 5)/((-2)/312). Suppose x - 4*q - 163 = 0, -4*x + 6*x - q - o = 0. What is the units digit of x?
5
Let q(p) = 694*p - 8. Let s be q(-4). Let b be (-60)/(-18)*s/(-10). Suppose 7*l - b = 3*l. What is the hundreds digit of l?
2
Let k = -43136 - -66910. What is the thousands digit of k?
3
Suppose -x = 5, 3*x = j + 1812 - 18221. What is the hundreds digit of j?
3
Suppose 0 = -4*a + h + 4726 + 887, 0 = -5*a + h + 7016. Let k = a - 801. What is the tens digit of k?
0
Suppose 22*y - 328668 = -39*y. What is the hundreds digit of y?
3
Suppose 0 = 4*c - 9*c. Suppose 5*f = c, 2*f - 3*f = w - 433. What is the hundreds digit of w?
4
Suppose -c = c. Suppose c = 11*w - 4*w - 1547. Let n = -132 + w. What is the units digit of n?
9
Suppose 0 = 68*z - 881357 - 254447. What is the units digit of z?
3
Let t(z) be the second derivative of 6*z**2 + 22*z + 4/3*z**3 + 0. What is the tens digit of t(9)?
8
What is the units digit of (150/120)/(5940/5936 - 1)?
5
What is the units digit of (6 + 2 + 21006 + 7 + 5)*1?
6
Suppose 28*h + 18 = 25*h. Let z(o) = -4*o - 24. Let r be z(h). Suppose -4*i - 241 + 1001 = r. What is the hundreds digit of i?
1
Let a = -48441 + 127165. What is the tens digit of a?
2
Let p = 27 - -550. Let z = 1198 + p. What is the units digit of z?
5
Suppose 91*m + 454567 = 161245 + 1696724. What is the thousands digit of m?
5
Let f = 8875 - -2907. What is the ten thousands digit of f?
1
Suppose 0 = 2*p + 5 + 5. Let b(r) = 3*r**2 - 21 + 6 + 3 - 2*r - 8. What is the units digit of b(p)?
5
Let k be (-83)/(-83)*1552*3/2. Let j = 3974 - k. What is the units digit of j?
6
Suppose 0 = 14*b - 0*b. Suppose -3*s - 2*k + 415 = -b*s, 5*s - 2*k - 697 = 0. Suppose -5*g = 5*t - 665, -9*g + 6*g + s = t. What is the tens digit of t?
3
Let j(a) = -8 - 52*a - 59*a + 103*a + 1033*a**2. What is the thousands digit of j(-1)?
1
Suppose -x + 28 = s, -2*x + 68 = -0*x - s. Suppose -35*l + 195 = -x*l. Let p = l - 49. What is the units digit of p?
6
What is the thousands digit of 19339 + 867 - (-2 - -4*(-3)/3)?
0
Suppose -764972 - 315653 = -65*v. What is the hundreds digit of v?
6
Let n(s) = -25*s + 1228. Let a = 334 - 334. What is the units digit of n(a)?
8
Suppose -17*g + 7*g + 10 = 0. What is the hundreds digit of ((-12)/(-9))/g*(432 - 30)?
5
Suppose 2*b + 2*b = 8. Let w = 8857 + -8754. Suppose 0 + 4 = r, -w = -v + b*r. What is the hundreds digit of v?
1
Let w = 11127 - 2564. What is the hundreds digit of w?
5
Let h(a) = 212*a**2 + 201*a + 1415. What is the units digit of h(-7)?
6
Let u = -49481 + 87346. What is the thousands digit of u?
7
Suppose 2*k - 69 = -k. Let j = 23 - k. Suppose j = -5*y + 62 + 338. What is the tens digit of y?
8
Suppose -5*k - 3*s = -74296, -18*k + 21*k = 2*s + 44589. What is the thousands digit of k?
4
What is the ten thousands digit of (-7730)/(-2319)*146478/10?
4
Suppose -10*a = -c - 5*a - 18, -2*a = -4*c. Suppose 0 = 5*r - 3*x + x - 5154, -r + c*x + 1026 = 0. What is the hundreds digit of r?
0
Let t(i) be the second derivative of 5*i - 2*i**2 + 19/6*i**3 + 0. What is the units d